 - 2 + 7*d - 8*d. Give j(9).
-4
Let u(v) = -v - 1. Suppose -2*f - 3*f = 3*n + 251, -3*n - 2*f - 239 = 0. Let m = 71 + n. Determine u(m).
5
Suppose 2*w - 4 = -i, 3*i + 5*w = -2*i. Let z(g) = -2*g**2 - g + 2. Give z(i).
-26
Let o(l) = -5 + 5*l + 4*l + 4 - 2 - 8*l. What is o(1)?
-2
Suppose -12*t + 9*t + 6 = 0. Let m(v) be the first derivative of v**2/2 - 4. Calculate m(t).
2
Let y be 1/2*0/(-30). Let c(z) = -z**3 - 23. Calculate c(y).
-23
Let l(p) = -3*p**2 + p + 1. Let t = -23 + 34. Suppose -5*s + 2*j = -7, 0*s + 5*j = 3*s + t. Suppose 3*m + s = -0. Calculate l(m).
-3
Let v = -769 + 768. Let o(w) = w. Let x(b) = 6*b + 1. Let i(l) = 2*o(l) + x(l). Give i(v).
-7
Let n = -2007 - -2003. Let c(x) be the second derivative of -x**5/20 - x**4/4 + x**3/3 - 2*x**2 + x. Calculate c(n).
4
Let x(b) = b**2 - 7*b + 9. Suppose 19 = 3*z - 2. Suppose -2*q + z*q - 85 = 0. Let i = q + -11. Calculate x(i).
3
Let j(k) be the first derivative of -k**2 - 1/4*k**4 + 2*k + 55 - k**3. Give j(-2).
2
Suppose -2*u + u = 5. Let k = -11 + 11. Let b(o) = 0 + 3 + 9 + o + k*o. Determine b(u).
7
Suppose 8*b - 8 = 12*b + 5*f, f - 5 = -3*b. Let s(x) be the third derivative of 0*x + 1/12*x**5 + 0*x**4 - 1/120*x**6 + 7/6*x**3 + b*x**2 + 0. Calculate s(5).
7
Let k(t) = -t + 4. Suppose 25*d - 100 = 15*d. Give k(d).
-6
Let l = -158 - -160. Let b(s) = 4*s - 3*s + 22*s**2 - 19*s**2 + l + 2*s. Determine b(-2).
8
Let f = -2241 - -2265. Let t(h) = h**3 - 23*h**2 - 25*h + 14. Determine t(f).
-10
Let f(s) = -2*s**2 + 813*s + 13 - 5 - 4 - 811*s. What is f(0)?
4
Let g(o) = o**3 - o**2 + o. Let t = 20 + -18. Suppose -u - 19 = -t*u. Let m = u + -19. Give g(m).
0
Let q = 1083 + -1080. Let a(z) = 3*z**2 - 6*z + 5. Give a(q).
14
Let j = -1003 + 999. Let b(x) = x**3 + 3*x**2 + 2. Determine b(j).
-14
Let f(c) = -3*c - 3. Let u(m) be the first derivative of m - 6. Let x(h) = f(h) + 2*u(h). Let z(s) = s + 1. Let r(w) = -2*x(w) - 5*z(w). Give r(0).
-3
Let h(y) = -7*y**2 + 3*y - 17. Let t(u) = 4*u**2 - 2*u + 9. Let o(w) = -3*h(w) - 5*t(w). Give o(0).
6
Let v = -9 - -2. Let a = -5 - v. Let o(r) = r + 25*r**2 + 1 - 29*r**2 + 1 + r**3 + 0*r**3. Give o(a).
-4
Let c(p) = -p - 2. Let n be c(-4). Let f be n + (-4)/(-2)*1. Let x(w) be the second derivative of w**3/6 - 5*w**2/2 - 15*w. Determine x(f).
-1
Let p(y) = 2*y**2 - 2*y + 1. Let l be p(1). Let d(a) be the first derivative of 43 - a**2 - 3*a + 2*a - 54 - 68. Give d(l).
-3
Let v(n) be the second derivative of n**4/6 + n**3/6 - 2*n**2 + 2*n - 267. Calculate v(3).
17
Let x(z) be the first derivative of 7*z**2/2 - 1. Let b be 10/(-35) + (-30)/(-7). Suppose b*i - 185 + 181 = 0. What is x(i)?
7
Let c(y) = 53*y + 54*y - 108*y + y**2 - 4. Let n(i) = -1. Let w(m) = 2*c(m) - 10*n(m). Calculate w(3).
14
Suppose 0 = -2*b + 3*q + 13, -5*b + 5*q + 21 - 1 = 0. Let w(s) = -19*s**3 - s**2 + 1. Determine w(b).
19
Let b(p) = 17*p - 15. Let t = -3117 - -3118. What is b(t)?
2
Let f(i) = 7*i**2 + 2*i + 1. Let o = 11 + -3. Let d be (o/(-6))/((-6)/(-9)). Let p be (-2 - 1) + (0 - d). What is f(p)?
6
Let g(j) = 7*j**2 + 9*j**2 - j**2 - 5*j**2 - 1. Let l be (-126)/8 + 3/(-12). Let m = 15 + l. Calculate g(m).
9
Suppose -3*u = s + 12, 2*s + 3*u + 2*u = -19. Let n(o) = 2*o**s - 3*o**3 - 5*o**2 - 5*o + 2*o + 10*o. Let i = -12 + 6. Give n(i).
-6
Let s(v) be the second derivative of -v**3 - 7/2*v**2 + 0 - 9*v - 1/12*v**4. Give s(-6).
-7
Let b(v) = v**3 + 4*v**2 + 4*v + 2. Let z be b(-2). Let k(d) = 3*d + 0*d**z - 2*d - d**2 + 1. Suppose -15*s = -16*s. Give k(s).
1
Let l(b) = -5*b + 2*b + 45 - 4*b**2 + 0*b - 46. What is l(-2)?
-11
Let g(a) = 15*a - 9. Let p(h) = 6*h - 1. Let i(w) = -g(w) + 2*p(w). Calculate i(-7).
28
Let h = -107 - -116. Let c(u) = -6*u + 45. Let r be c(h). Let x(t) = -t - 3. What is x(r)?
6
Let f be 7 - (-4)/(-2) - 0. Let y(k) = k**3 - 11*k**2 + 13*k - 27. Let r be y(10). Let q(n) = 24*n - r*n**2 - 20*n - 1 + 2*n**2. Give q(f).
-6
Suppose 125*f - 12 = 119*f. Let b(a) be the second derivative of -3/2*a**f - 7/6*a**3 - 1/2*a**4 - a - 1/20*a**5 + 0. Calculate b(-5).
7
Let k(o) = -o**2 - o + 7. Let u(x) = x**3 + 3*x**2 - x + 3. Let m be u(-4). Let c(j) = -j**3 + 3*j**2 + j + 3. Let l be c(4). Let i = l - m. Determine k(i).
7
Let s(p) = -7*p. Let o(x) = -5*x + 2. Let y(v) = 3*o(v) - 2*s(v). Determine y(6).
0
Let s(l) = l - 15. Suppose 27 + 81 = 6*v. Give s(v).
3
Let g(o) = -220*o**3 - 2*o**2 - 6 - 3*o + 221*o**3 + 5*o**2. Give g(-4).
-10
Let j(q) = q**2 + 9*q + 8. Let c(d) = d**3 - 5*d**2 + 4*d - 4. Let r be c(6). Let m be (6/(-7))/(8/r). Give j(m).
-10
Let u(j) = -10*j - 19*j + 28*j. Let s(i) = -4*i + 4. Let n(b) = s(b) - 3*u(b). Give n(5).
-1
Let b(o) be the second derivative of o**4/12 - o**3 + o**2/2 + 4*o - 9. What is b(6)?
1
Let c(g) = -g**3 + 7*g**2 - 3*g - 6. Suppose -55*h + 49*h + 36 = 0. Calculate c(h).
12
Let y(f) = -f - 2. Let j be 22/12 + 3/18. Suppose v = 4*r + 8, j*v = 3*v - 4. Let l be (-8)/(-16)*(-13 - r). What is y(l)?
4
Let d(h) = 2*h + 1 + 2*h + h**3 - 2*h**3 - h**2. Let k = -209 + 206. What is d(k)?
7
Suppose 4*f + n = -12, -4*n - 2 - 4 = -5*f. Let p(q) = q**2 - 2*q - 3. Determine p(f).
5
Let m(k) be the first derivative of k**4/4 + k**3/3 - 24*k - 490. Calculate m(0).
-24
Let c(q) be the third derivative of q**4/4 + 53*q**3/6 - 85*q**2. Calculate c(-9).
-1
Let s(c) = c**2 - 5*c - 2. Suppose p + 13 = 3*h, -8*h - 7 = -11*h - 5*p. Determine s(h).
-6
Let o(v) = -9*v + 10. Let t(k) = -5*k + 6. Let m(f) = -4*o(f) + 7*t(f). Calculate m(7).
9
Let n(v) be the second derivative of v**3/2 - 27*v**2/2 + 15*v - 2. Give n(11).
6
Let r(x) = 3 + 86*x**2 - 8*x - 85*x**2 + 3. Suppose -2*k - 8 = -3*i + 16, 3*i - 33 = 5*k. Determine r(i).
-6
Let s(y) = 2*y - 3. Let m be s(4). Let i(p) = -m*p - p - 3*p**2 - 6 + p**2. Suppose -3*q - 8 = 2*j, 18*j - 16 = 22*j - q. Calculate i(j).
-14
Let w be (-35)/4 - -9 - 66/8. Let k(s) = -s**3 - s**2 - 6*s**2 + 10*s - 4*s - 7. Calculate k(w).
9
Let v(g) be the third derivative of g**5/60 + 3*g**4/4 - 11*g**3/3 - 43*g**2. Give v(-20).
18
Suppose 4*a - 6 = -2*d, 5*a - 8 - 4 = 2*d. Let q(i) = -1 + 6*i**3 + 5*i + i**2 - 7*i**3 - a. What is q(3)?
-6
Let w(q) be the first derivative of -q**2/2 + 3*q - 1. Let c(o) = -3*o + 10. Let u(a) = a**2 - 6*a. Let p be u(2). Let d(v) = p*w(v) + 3*c(v). What is d(5)?
1
Let x be 12/(-5)*6*(-60)/144. Let v(b) = -b**3 + 6*b**2. Let j(s) = -s**3 + 6*s**2. Let u(o) = 3*j(o) - 2*v(o). Calculate u(x).
0
Let i = 18 - 0. Let p be (-4)/i - (-47)/9. Let f(t) = p*t - 3*t**2 - 2*t - 4*t**3 + 3*t**3 + 0*t**2. Determine f(-3).
-9
Let o be (-1071)/81 + (-28)/36 + 1. Let v(j) = -j**3 - 13*j**2 - j - 20. Give v(o).
-7
Let g be (-182)/21*(-9)/(-2). Let v = g + 33. Let x(n) = n + 1. What is x(v)?
-5
Let v(f) = 2969*f + 8*f**2 - 1488*f - 1483*f + f**3 - 12. Determine v(-8).
4
Let s(q) = -q**2 - 1. Suppose 0 = 2*b - 3*b + 1. Suppose 3 = 2*x - b. Suppose 5*r + 5 = 2*f, 5*r + x*f + 3*f - 30 = 0. Determine s(r).
-2
Let f = 2 - 2. Let d(b) = f*b - 5*b + 4 + b. Let w = -20 + 23. What is d(w)?
-8
Let o(h) = 2*h**3 - 3*h**2 - h + 2. Let s be (-2)/(6/63) + 0. Let i = s - -23. Suppose i*b = 2*q - 2, -3 = -2*q - 2*b + 3. Calculate o(q).
4
Let z(g) = g - 7. Let w be z(0). Let d(p) = -2*p + 186 - 184 + 3*p. Give d(w).
-5
Let p be ((-924)/(-35))/11*5/3. Let l(q) = -q**3 + 7*q**2 - 5*q + 5. Give l(p).
33
Let l(s) = -13 + 2*s - 12 + 0*s + 35 - 11. Calculate l(-1).
-3
Suppose 4*f + 0 + 24 = 0. Let m(w) = w**2 + 8*w + 7. Let q be m(f). Let n(v) = 4*v + 5 - 4*v + v. Calculate n(q).
0
Let m(v) = -v**2 - 2*v + 2. Let f = -199 - -195. Suppose -2*q + 4 - 3 = -3*u, -u - 2 = q. Let y = q - f. Give m(y).
-13
Let y = 15 + -21. Let o(j) be the third derivative of j**5/60 + j**4/6 - j**3/6 - 5*j**2 - 11. Give o(y).
11
Suppose 7*s + 11*y - 48 = 14*y, 0 = -5*s - 2*y + 26. Let c(a) = -6*a**2 + 5 + a - 5 - 3 + a**3. What is c(s)?
3
Let m(y) = 13*y - 6*y**2 + 13*y**2 - 2*y**2 - 6*y**2 - 9 - 2. Calculate m(11).
11
Let b(v) = v + 6. Let d be -4*(-1 + (1 - -1)). Let m be b(d). Let t(u) = -m - 2*u + u + 4*u + 1. What is t(2)?
5
Let i(n) = n + 5. Let a be 2/(-5)*-1*5. Suppose 0*o = a*o + 10. Calculate i(o).
0
Let g = -9 + 6. Let r(w) be the first derivative of w**5/60 + w**4/6 + 2*w**3/3 - 3*w**2 + 15. Let d(p) be the second derivative of r(p). What is d(g)?
1
Let b(